y 119.
27
What is the remainder when 651 is divided by 37?
22
Calculate the remainder when 991 is divided by 62.
61
What is the remainder when 99 is divided by 18?
9
What is the remainder when 944 is divided by 63?
62
What is the remainder when 439 is divided by 101?
35
Calculate the remainder when 673 is divided by 179.
136
What is the remainder when 162 is divided by 60?
42
What is the remainder when 414 is divided by 70?
64
Calculate the remainder when 129 is divided by 66.
63
What is the remainder when 706 is divided by 79?
74
Calculate the remainder when 10 is divided by 9.
1
Calculate the remainder when 1178 is divided by 311.
245
Calculate the remainder when 46 is divided by 20.
6
Calculate the remainder when 2876 is divided by 159.
14
Calculate the remainder when 363 is divided by 90.
3
What is the remainder when 580 is divided by 11?
8
What is the remainder when 2430 is divided by 164?
134
Calculate the remainder when 181 is divided by 92.
89
What is the remainder when 380 is divided by 16?
12
What is the remainder when 4872 is divided by 13?
10
What is the remainder when 489 is divided by 173?
143
What is the remainder when 105 is divided by 27?
24
Calculate the remainder when 4620 is divided by 23.
20
Calculate the remainder when 5500 is divided by 275.
0
What is the remainder when 249 is divided by 37?
27
What is the remainder when 1268 is divided by 417?
17
Calculate the remainder when 139 is divided by 22.
7
Calculate the remainder when 1397 is divided by 202.
185
Calculate the remainder when 31 is divided by 15.
1
Calculate the remainder when 309 is divided by 96.
21
Calculate the remainder when 228 is divided by 62.
42
Calculate the remainder when 10 is divided by 5.
0
What is the remainder when 972 is divided by 397?
178
What is the remainder when 13339 is divided by 10?
9
What is the remainder when 5164 is divided by 14?
12
Calculate the remainder when 103 is divided by 29.
16
What is the remainder when 728 is divided by 33?
2
Calculate the remainder when 755 is divided by 3.
2
Calculate the remainder when 819 is divided by 103.
98
What is the remainder when 2601 is divided by 862?
15
Calculate the remainder when 405 is divided by 51.
48
What is the remainder when 4302 is divided by 269?
267
Calculate the remainder when 52 is divided by 19.
14
Calculate the remainder when 41 is divided by 22.
19
Calculate the remainder when 345 is divided by 316.
29
Calculate the remainder when 187 is divided by 55.
22
Calculate the remainder when 111 is divided by 61.
50
Calculate the remainder when 5142 is divided by 8.
6
Calculate the remainder when 203 is divided by 183.
20
Calculate the remainder when 31 is divided by 11.
9
Calculate the remainder when 95 is divided by 12.
11
What is the remainder when 91 is divided by 35?
21
Calculate the remainder when 344 is divided by 20.
4
What is the remainder when 5579 is divided by 76?
31
What is the remainder when 189 is divided by 53?
30
Calculate the remainder when 223 is divided by 41.
18
What is the remainder when 2667 is divided by 157?
155
What is the remainder when 364 is divided by 73?
72
What is the remainder when 104 is divided by 71?
33
Calculate the remainder when 24886 is divided by 244.
242
Calculate the remainder when 441 is divided by 89.
85
What is the remainder when 166 is divided by 45?
31
Calculate the remainder when 4998 is divided by 125.
123
Calculate the remainder when 9316 is divided by 96.
4
What is the remainder when 41 is divided by 23?
18
Calculate the remainder when 8183 is divided by 4085.
13
What is the remainder when 493 is divided by 13?
12
What is the remainder when 8355 is divided by 1192?
11
What is the remainder when 1198 is divided by 332?
202
Calculate the remainder when 395 is divided by 40.
35
What is the remainder when 1292 is divided by 29?
16
Calculate the remainder when 134 is divided by 67.
0
Calculate the remainder when 95 is divided by 73.
22
What is the remainder when 592 is divided by 72?
16
What is the remainder when 73 is divided by 64?
9
Calculate the remainder when 696 is divided by 250.
196
Calculate the remainder when 142 is divided by 68.
6
What is the remainder when 3357 is divided by 96?
93
Calculate the remainder when 1197 is divided by 16.
13
Calculate the remainder when 7051 is divided by 48.
43
Calculate the remainder when 196 is divided by 18.
16
What is the remainder when 214 is divided by 73?
68
Calculate the remainder when 21 is divided by 8.
5
What is the remainder when 103 is divided by 18?
13
What is the remainder when 117 is divided by 30?
27
Calculate the remainder when 125 is divided by 76.
49
What is the remainder when 611 is divided by 105?
86
What is the remainder when 152 is divided by 23?
14
Calculate the remainder when 2277 is divided by 24.
21
Calculate the remainder when 436 is divided by 206.
24
Calculate the remainder when 62 is divided by 22.
18
Calculate the remainder when 1505 is divided by 29.
26
What is the remainder when 186 is divided by 8?
2
What is the remainder when 77 is divided by 17?
9
What is the remainder when 326 is divided by 28?
18
What is the remainder when 116 is divided by 60?
56
What is the remainder when 2285 is divided by 52?
49
Calculate the remainder when 219 is divided by 76.
67
What is the remainder when 477 is divided by 27?
18
Calculate the remainder when 404 is divided by 27.
26
What is the remainder when 522 is divided by 496?
26
What is the remainder when 360 is divided by 124?
112
What is the remainder when 6539 is divided by 60?
59
What is the remainder when 283 is divided by 75?
58
Calculate the remainder when 654 is divided by 319.
16
What is the remainder when 376 is divided by 10?
6
What is the remainder when 129 is divided by 58?
13
What is the remainder when 606 is divided by 8?
6
Calculate the remainder when 2615 is divided by 8.
7
What is the remainder when 118 is divided by 15?
13
What is the remainder when 700 is divided by 27?
25
Calculate the remainder when 54 is divided by 14.
12
Calculate the remainder when 1333 is divided by 442.
7
What is the remainder when 1481 is divided by 13?
12
Calculate the remainder when 3467 is divided by 10.
7
What is the remainder when 79 is divided by 7?
2
Calculate the remainder when 70 is divided by 23.
1
Calculate the remainder when 26 is divided by 8.
2
What is the remainder when 302 is divided by 48?
14
What is the remainder when 504 is divided by 116?
40
Calculate the remainder when 91 is divided by 33.
25
Calculate the remainder when 4666 is divided by 2332.
2
What is the remainder when 17395 is divided by 12?
7
Calculate the remainder when 272 is divided by 5.
2
Calculate the remainder when 224 is divided by 38.
34
What is the remainder when 374 is divided by 14?
10
Calculate the remainder when 14431 is divided by 314.
301
Calculate the remainder when 267 is divided by 59.
31
What is the remainder when 12285 is divided by 96?
93
Calculate the remainder when 1235 is divided by 30.
5
What is the remainder when 9652 is divided by 142?
138
What is the remainder when 637 is divided by 175?
112
What is the remainder when 381 is divided by 96?
93
Calculate the remainder when 1277 is divided by 6.
5
What is the remainder when 891 is divided by 149?
146
Calculate the remainder when 1576 is divided by 19.
18
Calculate the remainder when 5 is divided by 3.
2
Calculate the remainder when 5081 is divided by 77.
76
Calculate the remainder when 13823 is divided by 36.
35
What is the remainder when 5806 is divided by 83?
79
What is the remainder when 870 is divided by 151?
115
What is the remainder when 213 is divided by 97?
19
Calculate the remainder when 557 is divided by 35.
32
Calculate the remainder when 1229 is divided by 22.
19
What is the remainder when 401 is divided by 81?
77
Calculate the remainder when 251 is divided by 16.
11
Calculate the remainder when 820 is divided by 120.
100
What is the remainder when 454 is divided by 170?
114
What is the remainder when 238 is divided by 58?
6
What is the remainder when 268 is divided by 13?
8
What is the remainder when 270 is divided by 13?
10
What is the remainder when 701 is divided by 229?
14
Calculate the remainder when 657 is divided by 14.
13
Calculate the remainder when 614 is 